{"id":179,"date":"2023-05-22T12:54:15","date_gmt":"2023-05-22T10:54:15","guid":{"rendered":"http:\/\/www.elektromechanika-samochodowa.pl\/?page_id=179"},"modified":"2023-06-18T12:39:28","modified_gmt":"2023-06-18T12:39:28","slug":"179-2","status":"publish","type":"page","link":"https:\/\/elektromechanika-pojazdowa.eu\/index.php\/179-2\/","title":{"rendered":""},"content":{"rendered":"\n<div style=\"height:38px\" aria-hidden=\"true\" class=\"wp-block-spacer\"><\/div>\n\n\n\n<h6 class=\"wp-block-heading has-text-align-center has-neve-link-hover-color-color has-nv-light-bg-background-color has-text-color has-background\">Klimatyzacja &#8211; nape\u0142nianie<\/h6>\n\n\n\n<h6 class=\"wp-block-heading has-text-align-center has-neve-link-hover-color-color has-nv-light-bg-background-color has-text-color has-background\">Klimatyzacja &#8211; odgrzybianie &#8211; dezynfekcja<\/h6>\n\n\n\n<h6 class=\"wp-block-heading has-text-align-center has-neve-link-hover-color-color has-nv-light-bg-background-color has-text-color has-background\">Kompleksowa naprawa klimatyzacji<\/h6>\n\n\n\n<h6 class=\"wp-block-heading has-text-align-center has-neve-link-hover-color-color has-nv-light-bg-background-color has-text-color has-background\">P\u0142ukanie uk\u0142adu klimatyzacji<\/h6>\n\n\n\n<h6 class=\"wp-block-heading has-text-align-center has-neve-link-hover-color-color has-nv-light-bg-background-color has-text-color has-background\">Wymiana filtra kabiny<\/h6>\n\n\n\n<div style=\"height:40px\" aria-hidden=\"true\" class=\"wp-block-spacer\"><\/div>\n\n\n<div class=\"wp-block-image icon-style is-style-rounded\">\n<figure class=\"aligncenter size-thumbnail is-resized\"><img loading=\"lazy\" decoding=\"async\" src=\"https:\/\/elektromechanika-pojazdowa.eu\/wp-content\/uploads\/2023\/06\/pikt1-150x150.jpg\" alt=\"\" class=\"wp-image-213\" width=\"70\" height=\"70\" srcset=\"https:\/\/elektromechanika-pojazdowa.eu\/wp-content\/uploads\/2023\/06\/pikt1-150x150.jpg 150w, https:\/\/elektromechanika-pojazdowa.eu\/wp-content\/uploads\/2023\/06\/pikt1-300x300.jpg 300w, https:\/\/elektromechanika-pojazdowa.eu\/wp-content\/uploads\/2023\/06\/pikt1.jpg 700w\" sizes=\"auto, (max-width: 70px) 100vw, 70px\" \/><\/figure>\n<\/div>\n\n\n<h3 class=\"wp-block-heading has-text-align-center has-text-color\" style=\"color:#01216b\">Zadzwo\u0144<\/h3>\n\n\n\n<p class=\"has-text-align-center has-neve-text-color-color has-text-color\" style=\"font-size:15px\">795 669 909<\/p>\n","protected":false},"excerpt":{"rendered":"<p>Klimatyzacja &#8211; nape\u0142nianie Klimatyzacja &#8211; odgrzybianie &#8211; dezynfekcja Kompleksowa naprawa klimatyzacji P\u0142ukanie uk\u0142adu klimatyzacji Wymiana filtra kabiny Zadzwo\u0144 795 669 909<\/p>\n","protected":false},"author":1,"featured_media":0,"parent":0,"menu_order":0,"comment_status":"closed","ping_status":"closed","template":"","meta":{"neve_meta_sidebar":"","neve_meta_container":"","neve_meta_enable_content_width":"","neve_meta_content_width":0,"neve_meta_title_alignment":"","neve_meta_author_avatar":"","neve_post_elements_order":"","neve_meta_disable_header":"","neve_meta_disable_footer":"","neve_meta_disable_title":"","footnotes":""},"class_list":["post-179","page","type-page","status-publish","hentry"],"yoast_head":"<!-- This site is optimized with the Yoast SEO plugin v22.8 - https:\/\/yoast.com\/wordpress\/plugins\/seo\/ -->\n<title>-<\/title>\n<meta name=\"robots\" content=\"index, follow, max-snippet:-1, max-image-preview:large, max-video-preview:-1\" \/>\n<link rel=\"canonical\" href=\"https:\/\/elektromechanika-pojazdowa.eu\/index.php\/179-2\/\" \/>\n<meta property=\"og:locale\" content=\"en_US\" \/>\n<meta property=\"og:type\" content=\"article\" \/>\n<meta property=\"og:title\" content=\"-\" \/>\n<meta property=\"og:description\" content=\"Klimatyzacja &#8211; nape\u0142nianie Klimatyzacja &#8211; odgrzybianie &#8211; dezynfekcja Kompleksowa naprawa klimatyzacji P\u0142ukanie uk\u0142adu klimatyzacji Wymiana filtra kabiny Zadzwo\u0144 795 669 909\" \/>\n<meta property=\"og:url\" content=\"https:\/\/elektromechanika-pojazdowa.eu\/index.php\/179-2\/\" \/>\n<meta property=\"article:publisher\" content=\"https:\/\/www.facebook.com\/profile.php?id=61556998676595\" \/>\n<meta property=\"article:modified_time\" content=\"2023-06-18T12:39:28+00:00\" \/>\n<meta property=\"og:image\" content=\"https:\/\/elektromechanika-pojazdowa.eu\/wp-content\/uploads\/2023\/06\/pikt1-150x150.jpg\" \/>\n<meta name=\"twitter:card\" content=\"summary_large_image\" \/>\n<script type=\"application\/ld+json\" class=\"yoast-schema-graph\">{\"@context\":\"https:\/\/schema.org\",\"@graph\":[{\"@type\":\"WebPage\",\"@id\":\"https:\/\/elektromechanika-pojazdowa.eu\/index.php\/179-2\/\",\"url\":\"https:\/\/elektromechanika-pojazdowa.eu\/index.php\/179-2\/\",\"name\":\"-\",\"isPartOf\":{\"@id\":\"https:\/\/elektromechanika-pojazdowa.eu\/#website\"},\"primaryImageOfPage\":{\"@id\":\"https:\/\/elektromechanika-pojazdowa.eu\/index.php\/179-2\/#primaryimage\"},\"image\":{\"@id\":\"https:\/\/elektromechanika-pojazdowa.eu\/index.php\/179-2\/#primaryimage\"},\"thumbnailUrl\":\"https:\/\/elektromechanika-pojazdowa.eu\/wp-content\/uploads\/2023\/06\/pikt1-150x150.jpg\",\"datePublished\":\"2023-05-22T10:54:15+00:00\",\"dateModified\":\"2023-06-18T12:39:28+00:00\",\"inLanguage\":\"en-US\",\"potentialAction\":[{\"@type\":\"ReadAction\",\"target\":[\"https:\/\/elektromechanika-pojazdowa.eu\/index.php\/179-2\/\"]}]},{\"@type\":\"ImageObject\",\"inLanguage\":\"en-US\",\"@id\":\"https:\/\/elektromechanika-pojazdowa.eu\/index.php\/179-2\/#primaryimage\",\"url\":\"https:\/\/elektromechanika-pojazdowa.eu\/wp-content\/uploads\/2023\/06\/pikt1.jpg\",\"contentUrl\":\"https:\/\/elektromechanika-pojazdowa.eu\/wp-content\/uploads\/2023\/06\/pikt1.jpg\",\"width\":700,\"height\":700},{\"@type\":\"WebSite\",\"@id\":\"https:\/\/elektromechanika-pojazdowa.eu\/#website\",\"url\":\"https:\/\/elektromechanika-pojazdowa.eu\/\",\"name\":\"Elektromechanika Pojazdowa\",\"description\":\"\",\"publisher\":{\"@id\":\"https:\/\/elektromechanika-pojazdowa.eu\/#organization\"},\"alternateName\":\"Mechanik samochodowy\",\"potentialAction\":[{\"@type\":\"SearchAction\",\"target\":{\"@type\":\"EntryPoint\",\"urlTemplate\":\"https:\/\/elektromechanika-pojazdowa.eu\/?s={search_term_string}\"},\"query-input\":\"required name=search_term_string\"}],\"inLanguage\":\"en-US\"},{\"@type\":\"Organization\",\"@id\":\"https:\/\/elektromechanika-pojazdowa.eu\/#organization\",\"name\":\"Elektromechanika Pojazdowa\",\"url\":\"https:\/\/elektromechanika-pojazdowa.eu\/\",\"logo\":{\"@type\":\"ImageObject\",\"inLanguage\":\"en-US\",\"@id\":\"https:\/\/elektromechanika-pojazdowa.eu\/#\/schema\/logo\/image\/\",\"url\":\"https:\/\/elektromechanika-pojazdowa.eu\/wp-content\/uploads\/2023\/06\/pro2.jpg\",\"contentUrl\":\"https:\/\/elektromechanika-pojazdowa.eu\/wp-content\/uploads\/2023\/06\/pro2.jpg\",\"width\":1181,\"height\":999,\"caption\":\"Elektromechanika Pojazdowa\"},\"image\":{\"@id\":\"https:\/\/elektromechanika-pojazdowa.eu\/#\/schema\/logo\/image\/\"},\"sameAs\":[\"https:\/\/www.facebook.com\/profile.php?id=61556998676595\"]}]}<\/script>\n<!-- \/ Yoast SEO plugin. -->","yoast_head_json":{"title":"-","robots":{"index":"index","follow":"follow","max-snippet":"max-snippet:-1","max-image-preview":"max-image-preview:large","max-video-preview":"max-video-preview:-1"},"canonical":"https:\/\/elektromechanika-pojazdowa.eu\/index.php\/179-2\/","og_locale":"en_US","og_type":"article","og_title":"-","og_description":"Klimatyzacja &#8211; nape\u0142nianie Klimatyzacja &#8211; odgrzybianie &#8211; dezynfekcja Kompleksowa naprawa klimatyzacji P\u0142ukanie uk\u0142adu klimatyzacji Wymiana filtra kabiny Zadzwo\u0144 795 669 909","og_url":"https:\/\/elektromechanika-pojazdowa.eu\/index.php\/179-2\/","article_publisher":"https:\/\/www.facebook.com\/profile.php?id=61556998676595","article_modified_time":"2023-06-18T12:39:28+00:00","og_image":[{"url":"https:\/\/elektromechanika-pojazdowa.eu\/wp-content\/uploads\/2023\/06\/pikt1-150x150.jpg"}],"twitter_card":"summary_large_image","schema":{"@context":"https:\/\/schema.org","@graph":[{"@type":"WebPage","@id":"https:\/\/elektromechanika-pojazdowa.eu\/index.php\/179-2\/","url":"https:\/\/elektromechanika-pojazdowa.eu\/index.php\/179-2\/","name":"-","isPartOf":{"@id":"https:\/\/elektromechanika-pojazdowa.eu\/#website"},"primaryImageOfPage":{"@id":"https:\/\/elektromechanika-pojazdowa.eu\/index.php\/179-2\/#primaryimage"},"image":{"@id":"https:\/\/elektromechanika-pojazdowa.eu\/index.php\/179-2\/#primaryimage"},"thumbnailUrl":"https:\/\/elektromechanika-pojazdowa.eu\/wp-content\/uploads\/2023\/06\/pikt1-150x150.jpg","datePublished":"2023-05-22T10:54:15+00:00","dateModified":"2023-06-18T12:39:28+00:00","inLanguage":"en-US","potentialAction":[{"@type":"ReadAction","target":["https:\/\/elektromechanika-pojazdowa.eu\/index.php\/179-2\/"]}]},{"@type":"ImageObject","inLanguage":"en-US","@id":"https:\/\/elektromechanika-pojazdowa.eu\/index.php\/179-2\/#primaryimage","url":"https:\/\/elektromechanika-pojazdowa.eu\/wp-content\/uploads\/2023\/06\/pikt1.jpg","contentUrl":"https:\/\/elektromechanika-pojazdowa.eu\/wp-content\/uploads\/2023\/06\/pikt1.jpg","width":700,"height":700},{"@type":"WebSite","@id":"https:\/\/elektromechanika-pojazdowa.eu\/#website","url":"https:\/\/elektromechanika-pojazdowa.eu\/","name":"Elektromechanika Pojazdowa","description":"","publisher":{"@id":"https:\/\/elektromechanika-pojazdowa.eu\/#organization"},"alternateName":"Mechanik samochodowy","potentialAction":[{"@type":"SearchAction","target":{"@type":"EntryPoint","urlTemplate":"https:\/\/elektromechanika-pojazdowa.eu\/?s={search_term_string}"},"query-input":"required name=search_term_string"}],"inLanguage":"en-US"},{"@type":"Organization","@id":"https:\/\/elektromechanika-pojazdowa.eu\/#organization","name":"Elektromechanika Pojazdowa","url":"https:\/\/elektromechanika-pojazdowa.eu\/","logo":{"@type":"ImageObject","inLanguage":"en-US","@id":"https:\/\/elektromechanika-pojazdowa.eu\/#\/schema\/logo\/image\/","url":"https:\/\/elektromechanika-pojazdowa.eu\/wp-content\/uploads\/2023\/06\/pro2.jpg","contentUrl":"https:\/\/elektromechanika-pojazdowa.eu\/wp-content\/uploads\/2023\/06\/pro2.jpg","width":1181,"height":999,"caption":"Elektromechanika Pojazdowa"},"image":{"@id":"https:\/\/elektromechanika-pojazdowa.eu\/#\/schema\/logo\/image\/"},"sameAs":["https:\/\/www.facebook.com\/profile.php?id=61556998676595"]}]}},"_links":{"self":[{"href":"https:\/\/elektromechanika-pojazdowa.eu\/index.php\/wp-json\/wp\/v2\/pages\/179","targetHints":{"allow":["GET"]}}],"collection":[{"href":"https:\/\/elektromechanika-pojazdowa.eu\/index.php\/wp-json\/wp\/v2\/pages"}],"about":[{"href":"https:\/\/elektromechanika-pojazdowa.eu\/index.php\/wp-json\/wp\/v2\/types\/page"}],"author":[{"embeddable":true,"href":"https:\/\/elektromechanika-pojazdowa.eu\/index.php\/wp-json\/wp\/v2\/users\/1"}],"replies":[{"embeddable":true,"href":"https:\/\/elektromechanika-pojazdowa.eu\/index.php\/wp-json\/wp\/v2\/comments?post=179"}],"version-history":[{"count":4,"href":"https:\/\/elektromechanika-pojazdowa.eu\/index.php\/wp-json\/wp\/v2\/pages\/179\/revisions"}],"predecessor-version":[{"id":335,"href":"https:\/\/elektromechanika-pojazdowa.eu\/index.php\/wp-json\/wp\/v2\/pages\/179\/revisions\/335"}],"wp:attachment":[{"href":"https:\/\/elektromechanika-pojazdowa.eu\/index.php\/wp-json\/wp\/v2\/media?parent=179"}],"curies":[{"name":"wp","href":"https:\/\/api.w.org\/{rel}","templated":true}]}}