{"id":280,"date":"2023-06-17T12:15:47","date_gmt":"2023-06-17T12:15:47","guid":{"rendered":"https:\/\/elektromechanika-pojazdowa.eu\/?page_id=280"},"modified":"2023-06-18T12:42:32","modified_gmt":"2023-06-18T12:42:32","slug":"serwis-maszyn","status":"publish","type":"page","link":"https:\/\/elektromechanika-pojazdowa.eu\/index.php\/serwis-maszyn\/","title":{"rendered":""},"content":{"rendered":"\n<div style=\"height:66px\" aria-hidden=\"true\" class=\"wp-block-spacer\"><\/div>\n\n\n\n<h2 class=\"wp-block-heading has-text-align-center has-text-color\" style=\"color:#0038a8\">SERWIS MASZYN ROLNICZYCH<\/h2>\n\n\n\n<p class=\"has-text-align-center has-nv-dark-bg-color has-text-color\">Naprawiamy zar\u00f3wno&nbsp;<strong>ci\u0105gniki rolnicze<\/strong>&nbsp;(John Deere, MF, Deutz Fahr, Claas, New Holland, Renault, Fendt, Valtra, Zetor, Ursus i inne), <strong>kombajny zbo\u017cowe<\/strong> oraz inne maszyny rolnicze.<\/p>\n\n\n\n<div style=\"height:56px\" aria-hidden=\"true\" class=\"wp-block-spacer\"><\/div>\n\n\n\n<div class=\"wp-block-columns is-layout-flex wp-container-core-columns-is-layout-9d6595d7 wp-block-columns-is-layout-flex\">\n<div class=\"wp-block-column is-layout-flow wp-block-column-is-layout-flow\">\n<figure class=\"wp-block-image size-full is-resized is-style-rounded\"><img loading=\"lazy\" decoding=\"async\" src=\"https:\/\/elektromechanika-pojazdowa.eu\/wp-content\/uploads\/2023\/06\/serwis-maszyn-7.jpg\" alt=\"\" class=\"wp-image-299\" width=\"338\" height=\"253\" srcset=\"https:\/\/elektromechanika-pojazdowa.eu\/wp-content\/uploads\/2023\/06\/serwis-maszyn-7.jpg 640w, https:\/\/elektromechanika-pojazdowa.eu\/wp-content\/uploads\/2023\/06\/serwis-maszyn-7-300x225.jpg 300w\" sizes=\"auto, (max-width: 338px) 100vw, 338px\" \/><\/figure>\n<\/div>\n\n\n\n<div class=\"wp-block-column is-layout-flow wp-block-column-is-layout-flow\"><div class=\"wp-block-image is-style-rounded\">\n<figure class=\"alignleft size-full is-resized\"><img loading=\"lazy\" decoding=\"async\" src=\"https:\/\/elektromechanika-pojazdowa.eu\/wp-content\/uploads\/2023\/06\/117844_r0_940-3.jpg\" alt=\"\" class=\"wp-image-300\" width=\"359\" height=\"239\" srcset=\"https:\/\/elektromechanika-pojazdowa.eu\/wp-content\/uploads\/2023\/06\/117844_r0_940-3.jpg 940w, https:\/\/elektromechanika-pojazdowa.eu\/wp-content\/uploads\/2023\/06\/117844_r0_940-3-300x200.jpg 300w, https:\/\/elektromechanika-pojazdowa.eu\/wp-content\/uploads\/2023\/06\/117844_r0_940-3-768x511.jpg 768w, https:\/\/elektromechanika-pojazdowa.eu\/wp-content\/uploads\/2023\/06\/117844_r0_940-3-930x620.jpg 930w\" sizes=\"auto, (max-width: 359px) 100vw, 359px\" \/><\/figure>\n<\/div><\/div>\n\n\n\n<div class=\"wp-block-column is-vertically-aligned-top is-layout-flow wp-block-column-is-layout-flow\">\n<figure class=\"wp-block-image size-full is-style-rounded\"><img loading=\"lazy\" decoding=\"async\" width=\"800\" height=\"533\" src=\"https:\/\/elektromechanika-pojazdowa.eu\/wp-content\/uploads\/2023\/06\/1581107474_thumb-2.jpg\" alt=\"\" class=\"wp-image-301\" srcset=\"https:\/\/elektromechanika-pojazdowa.eu\/wp-content\/uploads\/2023\/06\/1581107474_thumb-2.jpg 800w, https:\/\/elektromechanika-pojazdowa.eu\/wp-content\/uploads\/2023\/06\/1581107474_thumb-2-300x200.jpg 300w, https:\/\/elektromechanika-pojazdowa.eu\/wp-content\/uploads\/2023\/06\/1581107474_thumb-2-768x512.jpg 768w\" sizes=\"auto, (max-width: 800px) 100vw, 800px\" \/><\/figure>\n\n\n\n<p><\/p>\n<\/div>\n<\/div>\n\n\n\n<div style=\"height:48px\" aria-hidden=\"true\" class=\"wp-block-spacer\"><\/div>\n\n\n\n<h4 class=\"wp-block-heading has-text-align-center has-text-color\" style=\"color:#0038a8\"><strong>Przeprowadzamy diagnostyk\u0119, regeneracje, naprawy g\u0142\u00f3wne i bie\u017c\u0105ce:<\/strong><\/h4>\n\n\n\n<ul class=\"wp-block-list\">\n<li><strong>Uk\u0142ad\u00f3w &nbsp;paliwowych:<\/strong>\n<ul class=\"wp-block-list\">\n<li>mechanicznych na pompach z\u0119batych, rotacyjnych oraz hybrydowych.<\/li>\n\n\n\n<li>Uk\u0142ady na jednosekcyjnych pompkach wtryskowych stosowane m.in. w ci\u0105gnikach Deutz-Fahr, Same, Lamborghini. &nbsp;<\/li>\n\n\n\n<li>Uk\u0142ady common rail<\/li>\n<\/ul>\n<\/li>\n<\/ul>\n\n\n\n<ul class=\"wp-block-list\">\n<li>Silnik\u00f3w &nbsp;wszystkich producent\u00f3w, niezale\u017cnie czy s\u0105 to jednostki pami\u0119taj\u0105ce czasy PRL czy wyprodukowane zaledwie kilka lat temu i wyposa\u017cone w nowoczesne systemy paliwowe i ograniczania emisji szkodliwych zwi\u0105zk\u00f3w w spalinach (EGR, SCR).<\/li>\n\n\n\n<li>Skrzy\u0144 bieg\u00f3w \u2013 mechanicznych, elektrohydraulicznych (z p\u00f3\u0142biegami, Power Shuttle, Power Shift, automatyczne Power Shift) czy te\u017c cz\u0119\u015bci bezstopniowych.<\/li>\n\n\n\n<li>Uk\u0142ad\u00f3w nap\u0119dowych hydrostatycznych<\/li>\n\n\n\n<li>Most\u00f3w nap\u0119dowych, zar\u00f3wno producent\u00f3w skupionych na tej dziedzinie jak ZF, Carraro, Dana Spicer jak i rozwi\u0105za\u0144 stosowanych tylko przez danego prosucenta w swoich maszynach<\/li>\n\n\n\n<li>Uk\u0142ad\u00f3w hamulcowych, co jest nierozerwalnie powi\u0105zane w wcze\u015bniejszym podpunktem \u2013 mostami nap\u0119dowymi. Serwisujemy zar\u00f3wno uk\u0142ady suche jak i dominuj\u0105ce ju\u017c mokre.<\/li>\n\n\n\n<li>Pomp oraz uk\u0142ad\u00f3w hydraulicznych<\/li>\n\n\n\n<li>Si\u0142ownik\u00f3w hydraulicznych<\/li>\n<\/ul>\n\n\n\n<p><strong>Dodatkowo mo\u017cemy zaoferowa\u0107 diagnostyk\u0119 komputerow\u0105<\/strong><\/p>\n\n\n\n<ul class=\"wp-block-list\">\n<li>Pe\u0142na diagnostyka komputerowa<\/li>\n\n\n\n<li>Odczytywanie i kasowanie b\u0142\u0119d\u00f3w<\/li>\n\n\n\n<li>Kasowanie inspekcji<\/li>\n\n\n\n<li>Kalibracje skrzy\u0144 bieg\u00f3w, podno\u015bnik\u00f3w<\/li>\n\n\n\n<li>Diagnostyka, regulacja, wymiana i programowanie wtryskiwaczy<\/li>\n<\/ul>\n\n\n\n<div style=\"height:29px\" aria-hidden=\"true\" class=\"wp-block-spacer\"><\/div>\n\n\n<div class=\"wp-block-image icon-style is-style-rounded\">\n<figure class=\"aligncenter size-thumbnail is-resized\"><img loading=\"lazy\" decoding=\"async\" src=\"https:\/\/elektromechanika-pojazdowa.eu\/wp-content\/uploads\/2023\/06\/pikt1-150x150.jpg\" alt=\"\" class=\"wp-image-213\" width=\"70\" height=\"70\" srcset=\"https:\/\/elektromechanika-pojazdowa.eu\/wp-content\/uploads\/2023\/06\/pikt1-150x150.jpg 150w, https:\/\/elektromechanika-pojazdowa.eu\/wp-content\/uploads\/2023\/06\/pikt1-300x300.jpg 300w, https:\/\/elektromechanika-pojazdowa.eu\/wp-content\/uploads\/2023\/06\/pikt1.jpg 700w\" sizes=\"auto, (max-width: 70px) 100vw, 70px\" \/><\/figure>\n<\/div>\n\n\n<h3 class=\"wp-block-heading has-text-align-center has-text-color\" style=\"color:#01216b\">Zadzwo\u0144<\/h3>\n\n\n\n<p class=\"has-text-align-center has-neve-text-color-color has-text-color\" style=\"font-size:15px\">795 669 909<\/p>\n\n\n\n<div style=\"height:34px\" aria-hidden=\"true\" class=\"wp-block-spacer\"><\/div>\n","protected":false},"excerpt":{"rendered":"<p>SERWIS MASZYN ROLNICZYCH Naprawiamy zar\u00f3wno&nbsp;ci\u0105gniki rolnicze&nbsp;(John Deere, MF, Deutz Fahr, Claas, New Holland, Renault, Fendt, Valtra, Zetor, Ursus i inne), kombajny zbo\u017cowe oraz inne maszyny rolnicze. Przeprowadzamy diagnostyk\u0119, regeneracje, naprawy g\u0142\u00f3wne i bie\u017c\u0105ce: Dodatkowo mo\u017cemy zaoferowa\u0107 diagnostyk\u0119 komputerow\u0105 Zadzwo\u0144 795 669 909<\/p>\n","protected":false},"author":1,"featured_media":217,"parent":0,"menu_order":0,"comment_status":"closed","ping_status":"closed","template":"","meta":{"neve_meta_sidebar":"","neve_meta_container":"","neve_meta_enable_content_width":"","neve_meta_content_width":0,"neve_meta_title_alignment":"","neve_meta_author_avatar":"","neve_post_elements_order":"","neve_meta_disable_header":"","neve_meta_disable_footer":"","neve_meta_disable_title":"","footnotes":""},"class_list":["post-280","page","type-page","status-publish","has-post-thumbnail","hentry"],"yoast_head":"<!-- This site is optimized with the Yoast SEO plugin v22.8 - https:\/\/yoast.com\/wordpress\/plugins\/seo\/ -->\n<title>-<\/title>\n<meta name=\"robots\" content=\"index, follow, max-snippet:-1, max-image-preview:large, max-video-preview:-1\" \/>\n<link rel=\"canonical\" href=\"https:\/\/elektromechanika-pojazdowa.eu\/index.php\/serwis-maszyn\/\" \/>\n<meta property=\"og:locale\" content=\"en_US\" \/>\n<meta property=\"og:type\" content=\"article\" \/>\n<meta property=\"og:title\" content=\"-\" \/>\n<meta property=\"og:description\" content=\"SERWIS MASZYN ROLNICZYCH Naprawiamy zar\u00f3wno&nbsp;ci\u0105gniki rolnicze&nbsp;(John Deere, MF, Deutz Fahr, Claas, New Holland, Renault, Fendt, Valtra, Zetor, Ursus i inne), kombajny zbo\u017cowe oraz inne maszyny rolnicze. Przeprowadzamy diagnostyk\u0119, regeneracje, naprawy g\u0142\u00f3wne i bie\u017c\u0105ce: Dodatkowo mo\u017cemy zaoferowa\u0107 diagnostyk\u0119 komputerow\u0105 Zadzwo\u0144 795 669 909\" \/>\n<meta property=\"og:url\" content=\"https:\/\/elektromechanika-pojazdowa.eu\/index.php\/serwis-maszyn\/\" \/>\n<meta property=\"article:publisher\" content=\"https:\/\/www.facebook.com\/profile.php?id=61556998676595\" \/>\n<meta property=\"article:modified_time\" content=\"2023-06-18T12:42:32+00:00\" \/>\n<meta property=\"og:image\" content=\"https:\/\/elektromechanika-pojazdowa.eu\/wp-content\/uploads\/2023\/06\/serwis-maszyn.jpg\" \/>\n\t<meta property=\"og:image:width\" content=\"640\" \/>\n\t<meta property=\"og:image:height\" content=\"480\" \/>\n\t<meta property=\"og:image:type\" content=\"image\/jpeg\" \/>\n<meta name=\"twitter:card\" content=\"summary_large_image\" \/>\n<meta name=\"twitter:label1\" content=\"Est. reading time\" \/>\n\t<meta name=\"twitter:data1\" content=\"1 minute\" \/>\n<script type=\"application\/ld+json\" class=\"yoast-schema-graph\">{\"@context\":\"https:\/\/schema.org\",\"@graph\":[{\"@type\":\"WebPage\",\"@id\":\"https:\/\/elektromechanika-pojazdowa.eu\/index.php\/serwis-maszyn\/\",\"url\":\"https:\/\/elektromechanika-pojazdowa.eu\/index.php\/serwis-maszyn\/\",\"name\":\"-\",\"isPartOf\":{\"@id\":\"https:\/\/elektromechanika-pojazdowa.eu\/#website\"},\"primaryImageOfPage\":{\"@id\":\"https:\/\/elektromechanika-pojazdowa.eu\/index.php\/serwis-maszyn\/#primaryimage\"},\"image\":{\"@id\":\"https:\/\/elektromechanika-pojazdowa.eu\/index.php\/serwis-maszyn\/#primaryimage\"},\"thumbnailUrl\":\"https:\/\/elektromechanika-pojazdowa.eu\/wp-content\/uploads\/2023\/06\/serwis-maszyn.jpg\",\"datePublished\":\"2023-06-17T12:15:47+00:00\",\"dateModified\":\"2023-06-18T12:42:32+00:00\",\"inLanguage\":\"en-US\",\"potentialAction\":[{\"@type\":\"ReadAction\",\"target\":[\"https:\/\/elektromechanika-pojazdowa.eu\/index.php\/serwis-maszyn\/\"]}]},{\"@type\":\"ImageObject\",\"inLanguage\":\"en-US\",\"@id\":\"https:\/\/elektromechanika-pojazdowa.eu\/index.php\/serwis-maszyn\/#primaryimage\",\"url\":\"https:\/\/elektromechanika-pojazdowa.eu\/wp-content\/uploads\/2023\/06\/serwis-maszyn.jpg\",\"contentUrl\":\"https:\/\/elektromechanika-pojazdowa.eu\/wp-content\/uploads\/2023\/06\/serwis-maszyn.jpg\",\"width\":640,\"height\":480},{\"@type\":\"WebSite\",\"@id\":\"https:\/\/elektromechanika-pojazdowa.eu\/#website\",\"url\":\"https:\/\/elektromechanika-pojazdowa.eu\/\",\"name\":\"Elektromechanika Pojazdowa\",\"description\":\"\",\"publisher\":{\"@id\":\"https:\/\/elektromechanika-pojazdowa.eu\/#organization\"},\"alternateName\":\"Mechanik samochodowy\",\"potentialAction\":[{\"@type\":\"SearchAction\",\"target\":{\"@type\":\"EntryPoint\",\"urlTemplate\":\"https:\/\/elektromechanika-pojazdowa.eu\/?s={search_term_string}\"},\"query-input\":\"required name=search_term_string\"}],\"inLanguage\":\"en-US\"},{\"@type\":\"Organization\",\"@id\":\"https:\/\/elektromechanika-pojazdowa.eu\/#organization\",\"name\":\"Elektromechanika Pojazdowa\",\"url\":\"https:\/\/elektromechanika-pojazdowa.eu\/\",\"logo\":{\"@type\":\"ImageObject\",\"inLanguage\":\"en-US\",\"@id\":\"https:\/\/elektromechanika-pojazdowa.eu\/#\/schema\/logo\/image\/\",\"url\":\"https:\/\/elektromechanika-pojazdowa.eu\/wp-content\/uploads\/2023\/06\/pro2.jpg\",\"contentUrl\":\"https:\/\/elektromechanika-pojazdowa.eu\/wp-content\/uploads\/2023\/06\/pro2.jpg\",\"width\":1181,\"height\":999,\"caption\":\"Elektromechanika Pojazdowa\"},\"image\":{\"@id\":\"https:\/\/elektromechanika-pojazdowa.eu\/#\/schema\/logo\/image\/\"},\"sameAs\":[\"https:\/\/www.facebook.com\/profile.php?id=61556998676595\"]}]}<\/script>\n<!-- \/ Yoast SEO plugin. -->","yoast_head_json":{"title":"-","robots":{"index":"index","follow":"follow","max-snippet":"max-snippet:-1","max-image-preview":"max-image-preview:large","max-video-preview":"max-video-preview:-1"},"canonical":"https:\/\/elektromechanika-pojazdowa.eu\/index.php\/serwis-maszyn\/","og_locale":"en_US","og_type":"article","og_title":"-","og_description":"SERWIS MASZYN ROLNICZYCH Naprawiamy zar\u00f3wno&nbsp;ci\u0105gniki rolnicze&nbsp;(John Deere, MF, Deutz Fahr, Claas, New Holland, Renault, Fendt, Valtra, Zetor, Ursus i inne), kombajny zbo\u017cowe oraz inne maszyny rolnicze. Przeprowadzamy diagnostyk\u0119, regeneracje, naprawy g\u0142\u00f3wne i bie\u017c\u0105ce: Dodatkowo mo\u017cemy zaoferowa\u0107 diagnostyk\u0119 komputerow\u0105 Zadzwo\u0144 795 669 909","og_url":"https:\/\/elektromechanika-pojazdowa.eu\/index.php\/serwis-maszyn\/","article_publisher":"https:\/\/www.facebook.com\/profile.php?id=61556998676595","article_modified_time":"2023-06-18T12:42:32+00:00","og_image":[{"width":640,"height":480,"url":"https:\/\/elektromechanika-pojazdowa.eu\/wp-content\/uploads\/2023\/06\/serwis-maszyn.jpg","type":"image\/jpeg"}],"twitter_card":"summary_large_image","twitter_misc":{"Est. reading time":"1 minute"},"schema":{"@context":"https:\/\/schema.org","@graph":[{"@type":"WebPage","@id":"https:\/\/elektromechanika-pojazdowa.eu\/index.php\/serwis-maszyn\/","url":"https:\/\/elektromechanika-pojazdowa.eu\/index.php\/serwis-maszyn\/","name":"-","isPartOf":{"@id":"https:\/\/elektromechanika-pojazdowa.eu\/#website"},"primaryImageOfPage":{"@id":"https:\/\/elektromechanika-pojazdowa.eu\/index.php\/serwis-maszyn\/#primaryimage"},"image":{"@id":"https:\/\/elektromechanika-pojazdowa.eu\/index.php\/serwis-maszyn\/#primaryimage"},"thumbnailUrl":"https:\/\/elektromechanika-pojazdowa.eu\/wp-content\/uploads\/2023\/06\/serwis-maszyn.jpg","datePublished":"2023-06-17T12:15:47+00:00","dateModified":"2023-06-18T12:42:32+00:00","inLanguage":"en-US","potentialAction":[{"@type":"ReadAction","target":["https:\/\/elektromechanika-pojazdowa.eu\/index.php\/serwis-maszyn\/"]}]},{"@type":"ImageObject","inLanguage":"en-US","@id":"https:\/\/elektromechanika-pojazdowa.eu\/index.php\/serwis-maszyn\/#primaryimage","url":"https:\/\/elektromechanika-pojazdowa.eu\/wp-content\/uploads\/2023\/06\/serwis-maszyn.jpg","contentUrl":"https:\/\/elektromechanika-pojazdowa.eu\/wp-content\/uploads\/2023\/06\/serwis-maszyn.jpg","width":640,"height":480},{"@type":"WebSite","@id":"https:\/\/elektromechanika-pojazdowa.eu\/#website","url":"https:\/\/elektromechanika-pojazdowa.eu\/","name":"Elektromechanika Pojazdowa","description":"","publisher":{"@id":"https:\/\/elektromechanika-pojazdowa.eu\/#organization"},"alternateName":"Mechanik samochodowy","potentialAction":[{"@type":"SearchAction","target":{"@type":"EntryPoint","urlTemplate":"https:\/\/elektromechanika-pojazdowa.eu\/?s={search_term_string}"},"query-input":"required name=search_term_string"}],"inLanguage":"en-US"},{"@type":"Organization","@id":"https:\/\/elektromechanika-pojazdowa.eu\/#organization","name":"Elektromechanika Pojazdowa","url":"https:\/\/elektromechanika-pojazdowa.eu\/","logo":{"@type":"ImageObject","inLanguage":"en-US","@id":"https:\/\/elektromechanika-pojazdowa.eu\/#\/schema\/logo\/image\/","url":"https:\/\/elektromechanika-pojazdowa.eu\/wp-content\/uploads\/2023\/06\/pro2.jpg","contentUrl":"https:\/\/elektromechanika-pojazdowa.eu\/wp-content\/uploads\/2023\/06\/pro2.jpg","width":1181,"height":999,"caption":"Elektromechanika Pojazdowa"},"image":{"@id":"https:\/\/elektromechanika-pojazdowa.eu\/#\/schema\/logo\/image\/"},"sameAs":["https:\/\/www.facebook.com\/profile.php?id=61556998676595"]}]}},"_links":{"self":[{"href":"https:\/\/elektromechanika-pojazdowa.eu\/index.php\/wp-json\/wp\/v2\/pages\/280","targetHints":{"allow":["GET"]}}],"collection":[{"href":"https:\/\/elektromechanika-pojazdowa.eu\/index.php\/wp-json\/wp\/v2\/pages"}],"about":[{"href":"https:\/\/elektromechanika-pojazdowa.eu\/index.php\/wp-json\/wp\/v2\/types\/page"}],"author":[{"embeddable":true,"href":"https:\/\/elektromechanika-pojazdowa.eu\/index.php\/wp-json\/wp\/v2\/users\/1"}],"replies":[{"embeddable":true,"href":"https:\/\/elektromechanika-pojazdowa.eu\/index.php\/wp-json\/wp\/v2\/comments?post=280"}],"version-history":[{"count":9,"href":"https:\/\/elektromechanika-pojazdowa.eu\/index.php\/wp-json\/wp\/v2\/pages\/280\/revisions"}],"predecessor-version":[{"id":342,"href":"https:\/\/elektromechanika-pojazdowa.eu\/index.php\/wp-json\/wp\/v2\/pages\/280\/revisions\/342"}],"wp:featuredmedia":[{"embeddable":true,"href":"https:\/\/elektromechanika-pojazdowa.eu\/index.php\/wp-json\/wp\/v2\/media\/217"}],"wp:attachment":[{"href":"https:\/\/elektromechanika-pojazdowa.eu\/index.php\/wp-json\/wp\/v2\/media?parent=280"}],"curies":[{"name":"wp","href":"https:\/\/api.w.org\/{rel}","templated":true}]}}